and 7003?
149
Calculate the highest common divisor of 49 and 6762.
49
Calculate the greatest common factor of 132 and 704.
44
What is the greatest common factor of 9464 and 56?
56
Calculate the greatest common divisor of 216 and 189.
27
Calculate the greatest common divisor of 80 and 368.
16
Calculate the greatest common divisor of 56 and 77.
7
Calculate the greatest common factor of 4 and 3092.
4
What is the greatest common divisor of 4 and 10088?
4
What is the highest common factor of 646 and 34?
34
What is the highest common divisor of 366 and 6?
6
Calculate the highest common factor of 7 and 2611.
7
What is the greatest common factor of 676 and 624?
52
What is the highest common divisor of 790 and 10?
10
Calculate the highest common factor of 66 and 99.
33
Calculate the greatest common divisor of 3114 and 18.
18
What is the highest common divisor of 315 and 42?
21
Calculate the greatest common factor of 28 and 10822.
14
Calculate the highest common factor of 2922 and 6.
6
Calculate the greatest common divisor of 236 and 767.
59
What is the greatest common divisor of 158 and 22?
2
What is the greatest common factor of 95 and 5225?
95
Calculate the greatest common factor of 1456 and 91.
91
What is the highest common divisor of 1380 and 60?
60
Calculate the highest common divisor of 2 and 166.
2
What is the greatest common factor of 68 and 204?
68
Calculate the highest common divisor of 16479 and 18.
9
Calculate the highest common divisor of 144 and 3924.
36
What is the greatest common divisor of 48 and 600?
24
Calculate the highest common divisor of 20856 and 24.
24
Calculate the greatest common factor of 34 and 85.
17
What is the greatest common factor of 7009 and 489?
163
Calculate the highest common divisor of 281 and 5.
1
Calculate the highest common factor of 13 and 7111.
13
What is the highest common factor of 36 and 768?
12
What is the highest common divisor of 120 and 192?
24
Calculate the greatest common factor of 89 and 1958.
89
What is the greatest common factor of 203 and 78967?
203
Calculate the highest common factor of 1702 and 74.
74
What is the highest common divisor of 200 and 60?
20
What is the greatest common factor of 19 and 21432?
19
What is the greatest common factor of 96 and 57?
3
What is the greatest common divisor of 184 and 32?
8
What is the highest common factor of 640 and 20?
20
Calculate the highest common divisor of 1078 and 8.
2
What is the highest common divisor of 9 and 13293?
9
What is the greatest common divisor of 7314 and 138?
138
What is the highest common factor of 248 and 64?
8
What is the highest common divisor of 1090 and 10?
10
What is the highest common divisor of 555 and 925?
185
What is the highest common factor of 42 and 66?
6
Calculate the greatest common factor of 204 and 7072.
68
What is the highest common divisor of 48 and 592?
16
What is the highest common divisor of 10 and 50?
10
Calculate the greatest common divisor of 72 and 162.
18
Calculate the greatest common factor of 12357 and 27.
9
Calculate the highest common factor of 3393 and 351.
117
Calculate the greatest common divisor of 45 and 2880.
45
What is the greatest common divisor of 12 and 64?
4
Calculate the greatest common factor of 374 and 5542.
34
What is the greatest common factor of 69 and 21068?
23
What is the greatest common divisor of 65 and 39?
13
Calculate the highest common factor of 30 and 2955.
15
Calculate the highest common divisor of 13 and 26.
13
What is the greatest common divisor of 544 and 2652?
68
Calculate the greatest common divisor of 10324 and 58.
58
What is the greatest common divisor of 2680 and 40?
40
Calculate the greatest common divisor of 4 and 148.
4
What is the greatest common divisor of 1182 and 12?
6
Calculate the greatest common divisor of 585 and 91.
13
What is the highest common factor of 740 and 111?
37
Calculate the greatest common divisor of 1122 and 66.
66
What is the highest common factor of 209 and 44?
11
Calculate the greatest common factor of 124 and 9362.
62
What is the greatest common divisor of 244 and 183?
61
What is the highest common factor of 55 and 1925?
55
What is the highest common divisor of 3010 and 43?
43
Calculate the highest common divisor of 1407 and 21.
21
What is the highest common divisor of 36 and 8550?
18
What is the highest common divisor of 57 and 1539?
57
What is the greatest common divisor of 52 and 8?
4
What is the highest common factor of 16 and 12112?
16
What is the greatest common divisor of 198 and 176?
22
Calculate the highest common divisor of 341 and 62.
31
Calculate the highest common factor of 450 and 50.
50
Calculate the greatest common factor of 9 and 36.
9
Calculate the highest common factor of 402 and 2.
2
Calculate the highest common divisor of 4 and 94.
2
What is the highest common divisor of 79 and 4?
1
Calculate the greatest common divisor of 19295 and 595.
85
What is the greatest common divisor of 229 and 8473?
229
What is the greatest common divisor of 8 and 30?
2
Calculate the greatest common divisor of 9593 and 362.
181
Calculate the highest common divisor of 6 and 2700.
6
Calculate the greatest common divisor of 39 and 1898.
13
What is the greatest common divisor of 135 and 648?
27
Calculate the greatest common factor of 27 and 45.
9
Calculate the greatest common divisor of 6 and 12774.
6
What is the greatest common divisor of 130 and 3302?
26
Calculate the highest common factor of 203 and 1247.
29
What is the highest common factor of 6968 and 32?
8
Calculate the greatest common divisor of 95 and 10.
5
Calculate the highest common divisor of 52 and 18148.
52
Calculate the greatest common factor of 248 and 64.
8
Calculate the highest common factor of 649 and 177.
59
Calculate the greatest common factor of 413 and 8201.
59
What is the highest common factor of 1971 and 459?
27
What is the highest common divisor of 77 and 14399?
77
Calculate the highest common factor of 216 and 744.
24
What is the greatest common factor of 1054 and 186?
62
What is the greatest common divisor of 6 and 12?
6
What is the greatest common factor of 24 and 13548?
12
What is the greatest common factor of 5787 and 9?
9
What is the highest common factor of 8 and 1268?
4
Calculate the greatest common factor of 12 and 4668.
12
What is the highest common factor of 129 and 4773?
129
What is the greatest common divisor of 232 and 80?
8
What is the greatest common divisor of 1180 and 20?
20
What is the greatest common factor of 656 and 82?
82
Calculate the greatest common divisor of 34 and 799.
17
Calculate the highest common divisor of 30 and 3525.
15
Calculate the greatest common factor of 432 and 264.
24
What is the highest common divisor of 123 and 328?
41
What is the highest common divisor of 261 and 174?
87
What is the highest common factor of 950 and 40?
10
Calculate the greatest common divisor of 28 and 6986.
14
What is the greatest common divisor of 116 and 203?
29
Calculate the highest common factor of 136 and 68.
68
Calculate the greatest common factor of 9 and 1581.
3
Calculate the highest common factor of 134 and 3618.
134
Calculate the greatest common factor of 175 and 112175.
175
Calculate the greatest common divisor of 5898 and 6.
6
Calculate the greatest common factor of 14 and 1344.
14
What is the highest common factor of 200 and 25?
25
What is the highest common factor of 266 and 912?
38
Calculate the highest common divisor of 56 and 8.
8
Calculate the greatest common divisor of 98 and 3136.
98
What is the greatest common factor of 4401 and 45?
9
What is the highest common divisor of 148 and 2294?
74
What is the highest common divisor of 120 and 16?
8
Calculate the highest common factor of 138 and 10074.
138
What is the greatest common divisor of 3 and 75?
3
Calculate the highest common factor of 38 and 2964.
38
What is the greatest common divisor of 459 and 765?
153
Calculate the greatest common factor of 1377 and 51.
51
Calculate the greatest common divisor of 3634 and 184.
46
What is the highest common factor of 18 and 414?
18
What is the highest common divisor of 539 and 187?
11
What is the highest common divisor of 44 and 33?
11
What is the greatest common factor of 217 and 16709?
217
Calculate the highest common divisor of 349 and 1.
1
Calculat